lculate 12 + (9 + -7 - 8) - -8.
14
Calculate -40 - -82 - 35 - -29.
36
Evaluate -41 - (-5 - ((9 - (1 + 10)) + 6)) - -3.
-29
Evaluate (0 + 3 - (23 + -41 + 31)) + -12 + 36.
14
Calculate 22 + (-61 + 22 - -15).
-2
188 + -54 - 154 - -48
28
What is the value of (1 - 50) + 4446 + -4407?
-10
Calculate (-15 + -32 - -71) + 6 + -84.
-54
Evaluate 30 - (-4 - (41 + -31)).
44
Evaluate 20 + -1 - (-26 - (-34 + 1 + 1 + 15)).
28
What is the value of 25 + 0 + 132 + -64 + -69?
24
Evaluate (76685 - 76625) + (-5 - -5) + (1 - (16 - 0)).
45
What is (-37 + 41 - -33) + (0 - -2) + (1 - 3)?
37
What is 16 + (2 - 2) + (91 - (-7 + 51))?
63
1 + -6 - (38 - 35) - 8 - -8
-8
Evaluate 1 - (6 + 20 + 8 + 5 + 6).
-44
Evaluate -54 - -44 - -54 - 34.
10
What is 12 - (-10 + 43 + -55)?
34
What is 20 - -43 - (-1 + 1 - (7 - 21))?
49
What is (-33 - (16 - 68)) + -24?
-5
Evaluate -8 - -2 - (-206 + 226).
-26
What is (-96 - -260 - 23) + (-2 - 32)?
107
What is -18 - ((-1 - -3) + (-618 - -511))?
87
What is the value of (-155 + 210 - (41 - 4)) + 76?
94
What is -32 + 0 - (-344 + 300) - -21?
33
What is -142 - (-26 - -5 - (87 - 79))?
-113
What is (-1 + (-4 - 9) - -13) + -4 + (4 - 17)?
-18
What is the value of (17 + 43 + -38 - 4) + -13?
5
What is (38 - 48) + (16 - 30) + 16?
-8
Calculate -84 - (77 - (93 + -41)).
-109
(-24 - -16 - -27) + 12 + -2
29
Calculate (-4 - 69) + -66 + 100 + -14.
-53
Calculate 3 + -2 + (-41 - -1) + 3 + -11 + 7.
-40
Evaluate 3 - (-25 + 24 + (-5 - 6) + 21).
-6
Evaluate 58 + (-141 + -2 - -78).
-7
-16 - 0 - (68 + (16 - 10) + -29)
-61
What is 28 - (-11 - -23 - 15 - -128)?
-97
What is the value of -12 - ((-59 + 27 - -34) + (-1 - -76))?
-89
446 + -354 + 14 + -159
-53
What is the value of -149 - (-83 - (-71 - -46))?
-91
Evaluate (-2557 - -2588) + 3 + -69.
-35
-12 + (87 - 70) + (1 - 13) + 13
6
Evaluate -12 - (3 - 2 - (-72 + 170 + -30)).
55
(111 + -82 - 65) + -37
-73
Evaluate -9 - -24 - ((-22 - (-45 - -1)) + 1).
-8
What is 10 - -11 - -35 - (-4 - (-6 + 1 + -4))?
51
(-23 - -19 - 14 - -9) + (85 - -5)
81
What is the value of 12 + 12 - ((10 - (12 - 1)) + -3 - 3)?
31
Calculate (-30 - (-22 - 38)) + 6.
36
What is the value of -133 + -10 + -6 + 12 - -39?
-98
Calculate -63 + (-8 - (-2 + -5 + 55 + -44 + -18)).
-57
Calculate 50 + (-227 - -154) + (-2 - 41).
-66
What is the value of (38 - 2) + -102 + -8 - -26?
-48
Evaluate 7 + (-34 + -17 - -52).
8
What is the value of 4 - 1 - (124 + -3) - (3963 - 3960)?
-121
What is 1 + -10 + (12 - -34) + -2?
35
Evaluate (32 - -10) + -121 + 102.
23
What is 1258 + -1281 + 9 + (0 - 1)?
-15
Evaluate (-2 + -2 - ((-7 - -2) + -6)) + 39.
46
(168 + -169 - (-4 + 1 + 17)) + 75
60
What is -52 - (-39 + (24 - 2) - -5)?
-40
What is -76 + -1 - (3557 + -3585)?
-49
Calculate -67 + -23 + 54 + 6.
-30
What is 60 - 3 - (-4 + 41 - 18)?
38
Calculate 6 + (-4 - 12) + -3 + -50 + 16.
-47
What is the value of 7 - 12 - (-5 - 15) - -5?
20
Evaluate -1101 + 1126 - (-2 + 28) - (-1 - 2).
2
What is the value of (-12 + 13 + 3 - 3) + (36 - 0 - 2)?
35
Evaluate -5 - (37 + 15 - 103).
46
Calculate -12 - -2 - -38 - (38 - -59).
-69
9 - 3 - (8 + (46 - 13) + -24)
-11
What is the value of -6 + (20 - 23) + -1 + (-2 - 10)?
-22
Evaluate 18 + 34 + (-3 + -19 - -11).
41
What is (-53 - 2) + (545 - 509)?
-19
Evaluate 24 + (-7 - (-4 - 8)) + -1 + -7.
21
Calculate -7 - (-31 - (-11 - 17)) - (-1 - -3 - -52).
-58
-385 - -239 - (16 + -201)
39
What is 19 + 11 + -3 + 22 + -38 - (0 + 78)?
-67
Calculate 14 + 16 + -53 + 37 + 7.
21
Evaluate (38 + -19 - 13 - 16) + -19.
-29
Calculate 46 + (-3 - 144) + 108.
7
What is the value of -7 + -7 + 24 + -44 + 82?
48
What is 21 + -3 + -3 + (-1345 - -1354)?
24
18 + 4 - 5 - (41 + (-18 - 20))
14
Evaluate (-697 - -630) + (68 - -8).
9
Evaluate (-6 + 108 - 31) + -35 - 57.
-21
What is 7 - -1 - 10 - (39 - 39) - (-33 - -3)?
28
13 + -9 - (2 - -39 - (-43 - -38))
-42
What is 1 + -31 + (3 - (12 + (-23 - -15))) - -6?
-25
(0 - ((8 - 13) + 7)) + -8 + 10
0
What is 35 - (49 + -65 + 108)?
-57
3 + (-164 - -2 - 3) - (-147 + 108 + 35)
-158
What is the value of 13 + -4 - (441 + -368)?
-64
-3 - (-9 - (16 + -10)) - (-10 - -21)
1
(-15 - -24) + (-22 - (-2 + (13 - 1)))
-23
What is the value of (0 - -19) + (-2703 - -2684)?
0
Calculate 21 - (-8 + -26 + 1 - 35).
89
Evaluate -11 + -12 - -73 - (-3 - -3 - -3 - 5).
52
What is (-69 - -144) + (2 - 5)?
72
What is the value of 0 + 28 + 32 + -1 + (-1139 - -1122) + -10?
32
What is the value of (-299 - -281) + (4 - (4 + -19)) + -39?
-38
What is the value of -49 - (-133 + 61 + -6)?
29
What is 100 + (-43 - 11) + -81?
-35
What is (58 - 169) + 89 + (136 - 5) + 4?
113
Evaluate 0 + 12 + -5 + 0 - 13 - 13.
-19
What is -3 + 18 - (2 - -15 - 54 - -1)?
51
Calculate 13 + (5 + -1 - 18) + (4 - 2) + 6.
7
Calculate 1 - 1 - -83 - (-156 - (37 + -211)).
65
Evaluate -1 - (-247 - -8 - -142).
96
What is the value of -43 - (53 - (105 - 100))?
-91
What is the value of 149 + 111 + -182 - 19?
59
(63 - 49) + (-8 - -21) + 6
33
-34 + -11 + -13 + (2 - -2) + 0
-54
What is 52 - -4 - (-545 - -570)?
31
Calculate -37 + -12 - -65 - 31.
-15
What is -23 + -1 - (15 + (-25 - ((-14 - -25) + -31)))?
-34
Calculate (1 + -3 - 1) + (13 - 16) + -90 + 87.
-9
Calculate 2 - 0 - (-27 + (265 - 236)).
0
What is -2 - 20 - (-2576 - -2595)?
-41
What is the value of -11 + 24 + (-175 - -131)?
-31
(13 - (-16 + 30) - -77) + 12 - 5
83
Evaluate 13 - -30 - ((1 - 13) + (11 - (-15 + 19))).
48
Evaluate (0 - 1) + (302 - 298) - (-9 + -4).
16
What is 3 + 18 + -16 - 38 - -19?
-14
What is the value of 4 + (-15 - -6) - (41 - (215 + -43))?
126
What is the value of (-64 - -34) + -2 + (29 - 14) + 45?
28
Calculate (-16 - (3 - (6 + 1))) + (-1825 - -1838).
1
What is the value of 0 + -24 + (16 + -14 - -5)?
-17
3 - (-4 + 20) - (-88 - (12 + -48))
39
What is -3 - -122 - (-4 - -3) - (74 + (-127 - -58))?
115
Calculate 5 + -25 + (72 - 43) + -26.
-17
Calculate 18 - (56 - 63) - 22.
3
What is 3 - -10 - (2 - 4) - (-201 + 209)?
7
12 - 28 - (39 + 15)
-70
-14 + (-63 - -69) + (-19 - 5)
-32
Evaluate 154 + -56 - -11 - (-12 - (2 - 4)).
119
What is the value of -4 + -13 - -91 - (46 + -17)?
45
16 + -26 + (-33 - -12) + -26
-57
Calculate 4 - 152 - 48 - -105.
-91
Evaluate 18 + -1 + (6 - -4) + -15 - 45.
-33
Evaluate (7 - (0 + 26)) + 13 + 47 + 6.
47
Evaluate 55 + (-20 + 15 - (-3 - (-8 - -2) - 7)).
54
Evaluate -21 + -7 + (0 + -2 - 52).
-82
Calculate (80 - 0) + (-4 - -6) - (-32 - (135 + -173)).
76
Calculate -377 + 366 - (-3 - (-1 + 27)).
18
(-11 - (21 + 1 + -3)) + (-2 - -3)
-29
2 + -35 + 19 + 7 - ((6 - 58) + -9)
54
-4 + 5 + 8 + 0 + -5 + 17
21
What is (163 - 147) + (49 - (-4 + 4))?
65
Evaluate -3 + 0 + 21 + (45 - 47) + 7.
23
What is 16 + (-7 - -1) + (29 - 50) + 97?
86
What is (165 - 335) + 242 - (-1 - -21)?
52
Calculate -23 - ((69 - 49) + (0 - 7)) - (-2 + -11).
-23
Calculate -169 + (305 - 236 - (32 + 7)).
-139
-152 - (49 + -57 - (2 - -7) - (3 - 8))
-140
Evaluate 60 - ((39 - (159 - 123)) + (-5 - (0 - -1))).
63
Evaluate (8343 - 8254) + (1 - 40).
50
(86 + -104 - (-5 + 14 - 41)) + -9
5
What is (2 + 6 + -10 - -1) + 10 + (-2 - -2)?
9
What is -8 + (-86 - -46) + 24 + 3 + (4 - 63)?
-80
What is the value of -19 + 0 + (-25 - (-13 + -25)) + -11?
-17
Evaluate (-128 - (57 - 247)) + 84.
146
73 - -2 - (-10 + 43)
42
Calculate (26 + -7 - 15) + (-2 - 37).
-35
What is 1 - (51 - 9 - 30)?
-11
(-35 - (-54 - -39)) + 124
104
What is (11 - (0 + 0 + 10)) + -17 + 17?
1
What is -33 + -64 + 84 + -1 + -2 + -8?
-24
Calculate -79 + 35 + (-1 - -16).
-29
Calculate (-42 - (-14 + -42)) + -21 + 48 + -2.
39
What is the value of 14 + (-41 - (20 - 73)) - -31?
57
What is (40 - -1 - (116 + -106)) + (-3 - 1 - -12)?
39
Calculate (-5 + 2 - (32 + -29 + -6)) + 32.
32
Calculate -24 + 36 - (0 + 4) - (-75 - -67 - 66).
82
(-87 - -49) + -42 + 137
57
Evaluate 23 - 57 - (-15 + (7 - 7)).
-19
What is the value of -16 + 8 - ((-9 - (-1 - 5)) + 9 - -33)?
-47
(0 - 29) + -498 + 482
-45
1 + -11 + (16 - 4 - (-29 + 7))
24
What is the value of (13 - 11) + -6 + -3 + (-8 + 16 - -15)?
16
What is the value of 3137 + -3123 - (-1 - 4) - (-84 - -1)?
102
What is the value of -9 + (20 - 3) + (134 + (15 - 11) - 4)?
142
Calculate (-1 - (90 - -1)) + 26638 + -26649.
-103
Calculate (-58 - 89) + 58 + 151.
62
Evaluate 2 + 12 + 0 + -6 + -1 + 22 + -7.
22
(4 - 53) + 2 + (81 - 0) + -100
-66
What is the value of -95 - (-127 + 163 + -72)?
-59
Calculate (-3 - (13 + 7) - (5 + -1)